d y?
3
Suppose 5*x - 5*v = 4*x + 33, -3*x + 4*v = -44. Calculate the highest common divisor of 8 and x.
8
Suppose -4*c = -c. Suppose -1 + c = -b, -n = 4*b. Let t be (n - 1)*432/(-20). What is the highest common factor of 12 and t?
12
Suppose -4*h + 3*h = -6. Calculate the greatest common factor of 12 and h.
6
Let c = -7 - -11. Suppose -2*a + 6*a + 640 = 3*m, 0 = c*m + 2*a - 890. Suppose 4*d - 88 = -0*d. Calculate the greatest common divisor of d and m.
22
Let n = 463 - 255. Calculate the greatest common divisor of 16 and n.
16
Let d = 53 + -24. Let n = 199 + d. Let u = n + -8. Calculate the greatest common divisor of u and 20.
20
Suppose -z = -3*z - 8. Let o(p) = p**3 + 4*p**2 + 4. Let j be o(z). What is the highest common factor of 12 and j?
4
Let a = -3 + 2. Let c be (-45)/(-4) + a/4. Suppose g + 2*t - 71 = 0, -5*t - 8 = 7. Calculate the greatest common factor of g and c.
11
Let z be -2 + 3 - (-3 + 2). Suppose -a + 7 = 3*p, -42 = -6*a + z*a - 5*p. Calculate the highest common divisor of a and 13.
13
Suppose 143 = v + 5*f, -f = -5*v - 2*f + 715. Calculate the greatest common divisor of 26 and v.
13
Let p = 26 + -20. Calculate the greatest common factor of 30 and p.
6
Let r = 29 - -62. Let u = -54 + r. Calculate the highest common factor of 148 and u.
37
Let r be 2*(45/6 - -2). Suppose 0*s - 4*s + 21 = -3*m, -s + r = 2*m. Calculate the greatest common divisor of s and 63.
9
Suppose -60 = -0*u - 5*u. Suppose u = 2*n - 12. What is the greatest common divisor of 132 and n?
12
Let u(q) = 2*q**2 - q + 2. Let p be u(-2). Let y be 182/5 - (-8)/(-20). What is the highest common factor of y and p?
12
Let c = -44 + 62. Let a be (-4)/(2*1/4). Let f = -2 - a. What is the highest common divisor of f and c?
6
Suppose 4*o = -2*m + 10 - 2, 0 = 3*m + o - 37. Calculate the highest common divisor of m and 21.
7
Let c(n) = -n**3 - 8*n**2 + 10*n + 6. Let i be c(-9). Let l be i + (15 + -2 - 4). Suppose -6 = -p - 0*p. What is the highest common divisor of l and p?
6
Let z be (-3)/(-6) - (-4 + (-17)/2). Calculate the highest common divisor of z and 156.
13
Let m = 10 + -11. Let v be m*(3 + (-8)/2). Suppose -3*y + 36 - 9 = 0. What is the highest common divisor of y and v?
1
Suppose b = v - 3, 2*v + 0*v = 6. Let l be b/2 + 0 - -164. Suppose 4*q - 172 = l. Calculate the greatest common factor of 12 and q.
12
Let r(z) = -5 + 5 - 2*z. Let l be r(1). Let y be -2 + (-394 + l)/(-3). Calculate the highest common divisor of 13 and y.
13
Let h(s) = s**3 + 8*s**2 + 6*s + 2. Let k be h(-7). Suppose -4*n + 91 = -q, k*n - 4*n - q = 113. Calculate the greatest common divisor of n and 11.
11
Let g = -6 - -42. What is the greatest common divisor of g and 72?
36
Let g = 118 + 482. Suppose 2*n + g = 7*n. What is the highest common divisor of 48 and n?
24
Let j(m) = -2*m - 9. Let n be j(-9). Calculate the greatest common factor of n and 99.
9
Let y be ((1 - -2) + 29)*2/4. Suppose 0 = -4*i + 5*v + 300, -3*i + 92 = -2*i + 3*v. What is the highest common divisor of y and i?
16
Suppose -4*s + 5*t = -s - 165, 4*s - 4*t - 228 = 0. Suppose 0*v - 3*v = -s. What is the greatest common factor of v and 5?
5
Suppose 2*b - 20*s = -15*s + 306, -4*b + 612 = -3*s. What is the greatest common factor of 34 and b?
17
Let r = 230 + -164. What is the highest common divisor of 6 and r?
6
Suppose 76 = 2*s + 2*s. Suppose 0 = -2*d + 5*j + s, -j - 3*j = 4. What is the highest common divisor of 63 and d?
7
Suppose 2*q - 3 = -i - 0, -i + q - 3 = 0. Let o = 2 + -1. Let l be (-6)/(-2) + (i - o). Calculate the greatest common divisor of l and 5.
1
Suppose 21 = 3*v + g, -2*v - 5 = -5*g - 2. Suppose -v*m + m + 25 = 0. Calculate the highest common factor of 35 and m.
5
Let d(q) = -2*q + 18. Let l = -8 + 16. Let a be d(l). Calculate the highest common divisor of a and 14.
2
Suppose -4*k + 44 = -0*k + 4*h, 0 = 3*k + 2*h - 31. Let v be (-2)/k - 362/(-9). What is the greatest common factor of v and 8?
8
Suppose -3*m = -g - 2*g, 5*m = -5*g. Let l(y) = g*y + 3*y**2 - y**2 - 3*y - 4. Let k be l(6). Calculate the greatest common divisor of k and 10.
10
Suppose 0 = -3*o - 2*o + 675. Suppose 5*f - 4*s = 258, -3*s - 27 = -3*f + 126. Calculate the greatest common factor of o and f.
27
Suppose -42*m + 39*m = -21. Calculate the highest common factor of m and 56.
7
Let b be 22 - 1/(1/(-2)). Suppose -v + 25 = 2*t, 6 + 4 = t - 2*v. Calculate the greatest common factor of b and t.
12
Suppose 146 = 2*q - 88. What is the greatest common divisor of 13 and q?
13
Let c(n) = n - 7. Let k be c(9). Suppose 0*l + 4*l + 4*g = 40, k*g = 2*l - 12. Let i be 10/(3*1/6). Calculate the highest common divisor of i and l.
4
Suppose 3*v - 15 + 0 = 0. Suppose -5*k - o = -5*o - 89, 5*o + v = 0. Let s = 28 - k. Calculate the greatest common factor of s and 11.
11
Let x be 5/(10/4) + 0. Suppose -j - x*j = -12. Let a(o) = o**2 + 5*o - 6. Let f be a(5). What is the highest common factor of j and f?
4
Suppose -6*x + 2*x - 4*r = 0, 0 = -r - 5. Suppose 2*z - 195 = x*k, z - 2*k = -3*k + 115. Calculate the highest common factor of 22 and z.
22
Let q be (-4)/(-6) - (-53)/(-3). Let k = -5 - q. Suppose -212*z + 324 = -203*z. Calculate the greatest common divisor of z and k.
12
Let g(i) = 5*i**2 + 2*i - 2. Let f be g(-2). What is the highest common factor of f and 14?
14
Let c(l) = -3*l - 2*l**2 + 159 - 6*l**2 - 151 - l**3 - l. Let q be (-1 - 6) + (-1)/1. Let v be c(q). What is the highest common factor of v and 10?
10
Let l = -80 - -136. Calculate the highest common factor of 14 and l.
14
Let a(q) = 10*q - 8. Let t(f) = 3*f - 3. Let u(x) = -4*a(x) + 14*t(x). Let d = 0 - -11. Let w be u(d). What is the highest common factor of w and 24?
12
Let f(j) = -39*j - 18. Let y be f(-3). What is the greatest common factor of 18 and y?
9
Let a = 266 - 122. Let f be (2/3)/(4/a). What is the greatest common factor of 8 and f?
8
Let q = -26 + 42. Calculate the greatest common factor of 144 and q.
16
Let u(m) = m**2 - 2. Let n be u(2). Let x be 122/18 + n/9. Let q(t) = -t**3 + 4*t**2 - t + 1. Let w be q(3). Calculate the highest common divisor of w and x.
7
Let i be -2 + 6 + (-3)/3. Suppose i*t + 3 = 4*t. Suppose -4*u = -t*u - 39. What is the highest common divisor of 13 and u?
13
Suppose j - 4 = 22. Let s = -18 + j. What is the greatest common factor of s and 8?
8
Suppose 3*v - 780 = -v. Suppose 2*a + v = 7*a. Calculate the greatest common divisor of a and 13.
13
Suppose 8*m - 57 - 23 = 0. What is the greatest common factor of 15 and m?
5
Suppose 0 = -v + 48 + 96. Calculate the highest common factor of v and 18.
18
Let a(j) be the second derivative of j**3/6 + 11*j**2 + 6*j. Let h be a(-15). Calculate the highest common factor of h and 63.
7
Suppose h + 0*h - 56 = 0. What is the greatest common factor of h and 8?
8
Suppose 5*i - 22 = 28. Let j(z) = 2*z - 13. Let n be j(i). Calculate the highest common factor of n and 7.
7
Let q = -88 - -180. What is the greatest common divisor of q and 23?
23
Let i(m) = -2*m**3 - 2*m**2 + 5*m + 3. Let h be i(-3). Suppose 30 = 4*j + j. Suppose -4*q + j + 138 = 0. What is the highest common factor of h and q?
12
Suppose -5*a = -10*a + 105. Let b be (-50)/(-10)*(1 - 0). Suppose 5*w + b*k = 60, 0 = 5*w - 5*k - 0 - 80. What is the greatest common divisor of w and a?
7
Let g = -47 - -80. Calculate the greatest common divisor of g and 363.
33
Let q be (-4)/(-3) + 1/(-3). Let r be (q + -2 + -1)/(-1). Let i = -24 - -34. What is the highest common divisor of i and r?
2
Suppose -80 = -5*j + 3*u, 0*j - j - 3*u = -16. What is the greatest common divisor of j and 48?
16
Let l(m) = m**3 + 4*m**2 + 2*m - 1. Let x be l(-3). Suppose x*z = -2*z + 144. Suppose 0 = -2*c + 48. Calculate the greatest common divisor of z and c.
12
Suppose -4*m - m + 15 = 0. Suppose 3*c + 4*g - 2 = 0, 8 = -3*c + m*g + 38. Let w be 6*(3 - (-27)/c). Calculate the highest common factor of 5 and w.
5
Let l = 678 - 480. Let w = -8 + 26. Calculate the greatest common divisor of w and l.
18
Let y(i) = -44*i + 3. Let j be y(-2). Suppose d = 4*g - j, -3*d = 5*g - 67 - 68. Calculate the greatest common divisor of g and 16.
8
Let j be 12/(-42) + (-536)/(-14). Calculate the greatest common divisor of j and 19.
19
Suppose 8*g = 7*g + 12. What is the highest common factor of 108 and g?
12
Suppose 5*b +